hat is the units digit of (g/32 + r)/((-2)/16)?
6
Suppose -4*w + 8691 = f, -2*f - 3*w + 6319 = -11083. What is the thousands digit of f?
8
Let o = -145 - -42. What is the tens digit of 1 - (-5)/(-5)*o - 4?
0
Let i = 2434 - -235. What is the thousands digit of i?
2
Let q = 41031 + -16894. What is the units digit of q?
7
Suppose -110 = -3*f + 40. Let o(r) = -57 + 105 - 129*r - f. What is the hundreds digit of o(-1)?
1
Suppose -15*g - 24 + 84 = 0. Suppose 6*z - 9*z = 3*m - 3123, 0 = -g*z + 4*m + 4180. What is the thousands digit of z?
1
Let b = -88 + 76. Let j be 56*(3 - 3/b). Suppose -j = -n - 3*g, 3*g + 189 = n - g. What is the units digit of n?
5
Let q be 12*1*(-1 + 20/15). Suppose 129 = q*a - 327. What is the tens digit of (-1 - (4 - a) - 3) + -1?
0
Let b = -78 - -110. Suppose 3*x - 5*x = -b. Let r(g) = g**3 - 15*g**2 - 11*g + 27. What is the units digit of r(x)?
7
What is the units digit of (813/(-4))/(0 - -3)*-344?
6
Suppose -3*p = 5*t - 6, -1 = -4*t + 5*p + 26. Let l = -2746 + 2748. Suppose -2*g = -t*u + 84, 0*u - u + 28 = l*g. What is the units digit of u?
8
Suppose -q - 1 = 0, l = -147*q + 152*q + 34814. What is the hundreds digit of l?
8
Let j(k) = 5*k**2 + 24*k - 16. Let f be j(-6). Suppose 4*q + f*q = 9384. What is the hundreds digit of q?
3
Suppose -5*b + 3*l + 79 = 24, -5*l = 3*b + 1. Suppose 5*d = 4*j + b*d - 2719, 3*d - 1367 = -2*j. What is the hundreds digit of j?
6
Suppose -38*t + 40*t - w - 21613 = 0, -6*t = -2*w - 64846. What is the tens digit of t?
1
Let j(q) = -12*q + 4*q + 44 - 10*q. What is the tens digit of j(-9)?
0
Suppose -2*q + 10*o + 1012 = 8*o, 0 = o + 5. What is the tens digit of q?
0
Suppose g = -k + 11, 5 + 4 = 3*k - 3*g. Let u = -172 - -174. Suppose 0 = 5*j + 4*q - 125, 2*j - k*j + u*q + 155 = 0. What is the tens digit of j?
2
Let x = -27730 + 47790. What is the ten thousands digit of x?
2
Suppose 237 = -6*p + 147. What is the tens digit of 3866/6 - (-5)/p?
4
Let a be (-2)/4*10*(-3 - -2). Let u(y) = -y**3 + 4*y**2 + 10*y - 5. Let o be u(a). Suppose -224 = 6*t - o*t. What is the units digit of t?
6
Suppose 3*b = -5*x - 4, -b + 9 = -3*b + 3*x. Let f = -38 - b. Let u = 123 - f. What is the units digit of u?
8
What is the tens digit of (8/6)/2*(-3 + 385020/40)?
1
Let c = -7684 + 13574. What is the units digit of c?
0
Let z(r) = 939*r + 17. Let i be z(1). Suppose -n + i = n. What is the hundreds digit of n?
4
Let z = -649 + 644. What is the hundreds digit of (-20)/z + 0 + 481?
4
Let o(z) = z**3 + 38*z**2 + 59*z - 54. What is the hundreds digit of o(-28)?
1
Suppose 42*q - 38*q + 5*n - 25794 = 0, -10 = 5*n. What is the thousands digit of q?
6
Let v(y) = -y**3 - 34*y**2 - 92*y + 40. Let i be v(-31). Suppose i*n + 1476 = 15*n. What is the units digit of n?
6
Suppose -66*q + 20 = -61*q. Suppose 4*d - 436 = 4*z, 0 = 7*d - q*d + z - 311. What is the hundreds digit of d?
1
Let i be 6*1 - (14 - (-34204)/(-2)). Suppose 68*f - 89*f = -i. What is the units digit of f?
4
What is the tens digit of -6 + 99/18 - (-4 - 170478/12)?
1
Let j(w) = 27*w + 16*w**2 - 2*w**2 + 71829 - 71772. What is the hundreds digit of j(-8)?
7
Let b be 1*-164 - (0 - -1 - 4). Let n = 443 + b. What is the units digit of n?
2
Suppose 1601*r - 123290 = 1591*r. What is the units digit of r?
9
Let l(p) = 5*p**2 + 9*p + 1262. What is the ten thousands digit of l(-74)?
2
Let i be 53*-3*20/(-6). Let v = -463 - -463. Suppose v = c - 6*c + i. What is the tens digit of c?
0
Suppose 10 = 9*d - 4*d. Suppose -3*u - d*u + u = 0. Suppose 4*b - 5*i - 76 - 473 = u, 2*b = 2*i + 272. What is the tens digit of b?
3
Suppose -105*v = 15*v - 5184480. What is the hundreds digit of v?
2
Let h = 152 - 147. What is the hundreds digit of 2497/h + 12/20?
5
Let h = -46 - -48. Suppose 120 = 10*s - h*s. What is the tens digit of -33*(20/s - 2)?
2
Suppose -7*r = -3*j - 3*r + 1282, -4*j - r + 1684 = 0. Suppose -5*s - 1062 = -10*s - q, -2*s + j = -q. Suppose -x + s = 60. What is the hundreds digit of x?
1
Let i(b) = b**3 + 2*b**2 + b + 512. Let o be i(0). Let k = o + -221. What is the hundreds digit of k?
2
Let u = 366 - 346. What is the hundreds digit of (u/14)/(11/1001)?
1
Suppose 7379 = 7*u - 3107. What is the units digit of u?
8
Suppose 4*w + 51348 = -70*r + 74*r, -3*w + 64161 = 5*r. What is the ten thousands digit of r?
1
Let z(i) = i**3 - 6*i**2 + 18*i + 2. Let a be (-45)/(-5)*(-55)/(-45). What is the hundreds digit of z(a)?
8
Let c be 1 + 0 + -4 + (-107 - -126). Suppose 5*o - c*o = -6787. What is the units digit of o?
7
Let u = 6 - 4. Let i = 1118 + -1027. Suppose -u*v + i = 5*v. What is the tens digit of v?
1
Let b be (-63342)/(-85) + (-1 - (-18)/10). Suppose 3*s - 1600 = b. Suppose 16*l + l - s = 0. What is the tens digit of l?
4
Let l = 101 - 47. Let z be 2 - (-48)/(-27) - 12/l. Suppose 3*f = 5*d - 10*d + 934, z = f - 2*d - 304. What is the units digit of f?
8
Suppose 6 = q - 5*x + 4*x, 2*x + 30 = 5*q. Suppose 0 = -q*m + 20 + 10. Suppose -2*j = 4*k - 210, -m*j + j = -12. What is the units digit of k?
1
Suppose -2*l - j = 13, -11 = 4*l - 3*j - 0*j. Let u(i) = i**2 + 56*i - 12. Let m(a) = 42*a - 12. Let g(b) = -5*m(b) + 4*u(b). What is the units digit of g(l)?
2
Let y(s) be the third derivative of 43*s**6/720 + s**4/2 - 2*s**2. Let r(c) be the second derivative of y(c). What is the units digit of r(1)?
3
Let a(t) = t**3 - 10*t**2 - 11*t + 14. Let b be 2/6*(-7 - 80). Let g = -18 - b. What is the tens digit of a(g)?
1
Let o(g) = 98*g**2 + 165*g - 17. What is the ten thousands digit of o(11)?
1
Let f = -356 - -376. Suppose 37*q - 12529 = f*q. What is the tens digit of q?
3
Suppose -1189*w + 1203*w = 49308. What is the tens digit of w?
2
Suppose 68*m + 69*m - 7449897 = -66*m. What is the tens digit of m?
9
Suppose -3*v - 111*d = -113*d - 34519, d - 23001 = -2*v. What is the units digit of v?
3
Let c be -30*(-3)/12 + 11/22. Suppose 4*z = -u + 1522, u = 5*u - c. What is the units digit of z?
0
Let r = -9 - -12. Suppose -15 = -r*t + 3*a, 0*a - 4*a = -5*t + 24. Suppose -v - 150 = -t*v. What is the tens digit of v?
5
Suppose -w + 3*c = -762, 3*w + 7*c - 3*c = 2312. Let a(x) = x**2 - 11*x + 36. Let b be a(6). Suppose -b*l = -w - 12. What is the tens digit of l?
3
Let i(q) = -q**3 - 2*q**2 - q - 11. Let s be i(-5). Let u = s - 65. Let v(o) = 10*o**2 - 7*o - 4. What is the hundreds digit of v(u)?
1
Suppose 256*x - 2066368 + 3096023 = 23112727. What is the ten thousands digit of x?
8
Let i(d) = 2*d**2 - 10*d + 7. Let x be i(4). Let r be (-1)/1*4/x. Suppose 0 = -r*w, 203 = -4*l - 2*w + 511. What is the units digit of l?
7
Let h = 13 - 14. Let q be 1*h*12/6 - 20. Let t = 58 - q. What is the units digit of t?
0
Suppose -3*c + 4*c = 504. Suppose 3*n - 7*n = -c. What is the units digit of n?
6
Suppose 163851 = 32*u + 2*u + 57193. What is the units digit of u?
7
Suppose -46*p = -87*p + 587172 + 234960. What is the thousands digit of p?
0
Let b(m) = 51*m - 72. Let p = 130 - 126. What is the hundreds digit of b(p)?
1
Suppose 1023990 = 68*z + 28*z + 14*z. What is the units digit of z?
9
Let b(x) = 3*x**2 + 134*x - 35. Let u be b(-45). Suppose 21 - 2 = k - j, 73 = 4*k - 5*j. Let q = k + u. What is the tens digit of q?
3
Suppose 3*j - 95 = -413. What is the hundreds digit of (-4 + 2/2)/(2/j)?
1
Suppose 13*v - 22 - 4 = 0. Suppose -3*b = v*b + 5, 3*b = -3*j + 183. What is the tens digit of j?
6
Let z = -14567 - -37367. What is the units digit of z?
0
Let n(r) = r**3 + 18*r**2 - 15*r + 62. Let p(b) = -2*b**2 + 10*b + 30. Let w be p(-3). What is the hundreds digit of n(w)?
3
Suppose -2*v + 3*d + d + 356 = 0, 5*d = 3*v - 534. Let z = v + -105. What is the tens digit of z?
7
Let r(z) = -5563*z - 13643. What is the tens digit of r(-3)?
4
Suppose 5*v + 5*s + 5 + 0 = 0, 3*v + 5*s + 7 = 0. Let r = -262 - -262. What is the tens digit of (-784)/(-8) - (r - 1)*v?
9
Let g be (1 - 0)/((-2)/278). Suppose -371 = -h - 6*v + 2*v, -h + 2*v = -353. Let t = g + h. What is the units digit of t?
0
Let c(u) = -7 + 1 - u**2 - u + 0 + 18*u. Let g be c(18). What is the tens digit of (30/g)/((-1)/(-26))*-2?
6
Suppose 3*a - 88 = -286. Let o = 628 + a. Let y = -399 + o. What is the units digit of y?
3
Let d be -1566*((-4)/(-3) - 33/99). Let i = d + 3321. What is the thousands digit of i?
1
Suppose 9*r = 5*z + 11*r - 347938, 0 = -z + 